 r = -50 - w. What are the prime factors of r?
2, 3
Let i(t) be the second derivative of 17*t**3/6 - 7*t**2/2 + 2*t. Suppose 0 = -3*b + 15, -4*k = -2*k + 5*b - 33. List the prime factors of i(k).
61
Suppose 5*l - 3*j = -1, 4*l - 3*l + 2*j = 5. List the prime factors of 16 + (2 - l)*-2.
2, 7
Let o(u) = -2*u + 3. Let d be o(0). Suppose 13 = -d*w - 2. Let g(c) = 2*c**2 + 5*c + 2. What are the prime factors of g(w)?
3
Let f(d) = -d**2 + 7*d - 10. Let q be f(3). Suppose -3 = -0*m + 3*m, 5*s = -q*m + 408. List the prime factors of s.
2, 41
Let u be 3 + (4 + 1 + -4 - 12). Let n(j) = j**3 + 11*j**2 - 3*j + 36. List the prime factors of n(u).
2, 3, 7
Let q be 216/22 + ((-140)/77 - -2). Suppose -933 = -3*n + 3*i - 0*i, q = -5*i. List the prime factors of n.
3, 103
Let u(v) = 8*v**2 - 40*v - 30. What are the prime factors of u(13)?
2, 401
Suppose 135*d = 46*d + 125223. What are the prime factors of d?
3, 7, 67
Let t = -8 - -155. List the prime factors of t.
3, 7
Let p = 2247 - 1407. What are the prime factors of p?
2, 3, 5, 7
Suppose 5*o - 23 = 2. Suppose 22 = -3*p + o*p. Suppose -73 - p = -4*j. List the prime factors of j.
3, 7
Suppose 5*q + 2*d - 1642 = 0, 0*d + 4*d = -3*q + 974. Suppose 3*u = 2*r + q, 0 = -2*u - r - 0*r + 213. List the prime factors of u.
2, 3
Let a be 2/7 - (57/(-21) + 3). Suppose -4*q + 104 = -a*q. List the prime factors of q.
2, 13
Let s be 3*(4 - (-8)/(-12)). Let r be (-56)/(-20) - (-2)/s. Suppose -b + 34 = r. List the prime factors of b.
31
Let w = -3 - 10. Let z = w - -9. Let b(t) = -9*t - 2. List the prime factors of b(z).
2, 17
Let a(u) = 12*u - 11. Let r be a(2). Suppose -14*g + r*g = -185. What are the prime factors of g?
5, 37
Let s(d) = d**2 - 18*d - 7*d - 2*d**2 + 41*d. What are the prime factors of s(9)?
3, 7
Let s = 3348 - -2194. What are the prime factors of s?
2, 17, 163
Let i(q) = 32*q**2 - 3*q - 49. List the prime factors of i(-7).
2, 5, 7, 11
Suppose 5*y = j - 24, -4*j - j = -2*y - 28. Suppose -5*b + 4*z + 2 = 0, 6 = -5*b + 4*b + j*z. List the prime factors of 12 - (b + 2 + -3).
11
Suppose -38*c + 33*c = 0. List the prime factors of 1*(44 + c) - (19 - 16).
41
Let z = -9 - -11. Suppose 4*v + z = 2*q - 2, 0 = v - 4*q - 6. Let u = v - -18. What are the prime factors of u?
2
Let j(c) = -c**2 - 13*c + 3. Let t be j(-13). List the prime factors of (220/8 - 2)*t*2.
3, 17
Suppose 0 = 5*r - 43 - 7. Let g = r - 8. Suppose -9 = g*u - 71. What are the prime factors of u?
31
Suppose -1274 = -4*v + 2*r, -1044 = -5*v + 3*r + 546. Let g = v - 191. What are the prime factors of g?
2, 5, 13
Suppose -157 = -5*y + 153. List the prime factors of 4*y/24*3.
31
What are the prime factors of -4*(8 - 9) - -4799?
3, 1601
List the prime factors of -9 - 26748/(-23 + 11).
2, 3, 5, 37
Let n(g) = -2*g - 10. Let f = 15 - 29. List the prime factors of n(f).
2, 3
Suppose -18*i + 5660 = -2404. List the prime factors of i.
2, 7
List the prime factors of 21 + 154 - (5 - 1).
3, 19
Let b = -54 - -80. Let p(a) = 2*a - 43. List the prime factors of p(b).
3
Let t = 229 - 69. Suppose 3*z - 5*q = -2*z + t, -3*z = 3*q - 102. List the prime factors of z.
3, 11
Suppose 0 = 4*x + u - 2717, 5*x + 4*u = -0*u + 3410. List the prime factors of x.
2, 3, 113
What are the prime factors of (354/4 - 0)/(102/340)?
5, 59
Let m = -39 + 21. Let t = -34 - m. Let f = t - -41. List the prime factors of f.
5
Suppose 4*k - 2 = -14. Let o be (-285)/(-9) + k/(-9). Suppose 0*p - p = -o. What are the prime factors of p?
2
Let s(h) = h**2 - 7*h + 1. Let o(u) = 3*u - 2. Let x be o(3). Let l be s(x). Suppose 5*d - 2*i - 11 - 3 = 0, 5*i = 4*d - l. List the prime factors of d.
2
Suppose 11*u - 18*u = -4424. Suppose -5*d - 109 = 3*s - 875, -4*d + 4*s + u = 0. List the prime factors of d.
5, 31
Let n = 44 - 40. Suppose -3*h = -5*i + 2 - 297, -3*h + 304 = n*i. What are the prime factors of h?
2, 5
Let g(o) = 4*o - 5. Let y(h) = 3*h - 4. Let f(l) = 2*g(l) - 3*y(l). Let w be f(-2). Suppose w*x - 8 = 28. What are the prime factors of x?
3
Suppose -11*o - 147 = -433. Suppose o*d - 12*d = 3752. List the prime factors of d.
2, 67
Let x(q) = 3*q + 5. Let p(o) = 4*o + 6. Let j(l) = 6*p(l) - 7*x(l). Let k be j(2). Suppose -7*w + 2*w - k = h, 5*h - 17 = w. What are the prime factors of h?
3
Let c(w) = -w**2 - 15*w + 26. Let u be c(-16). Let t(m) = -m**2 + 15*m - 31. What are the prime factors of t(u)?
19
Let m be 592 - (1 + 2 - 0). Suppose -4393 = 3*x - m. List the prime factors of x/(-36) - (-6)/(-27).
5, 7
List the prime factors of (417/(-6))/((-3)/6).
139
Let g be 10/(-3)*15/(-5). Suppose 4*d - 46 = g. Suppose 2*x - x - d = 0. What are the prime factors of x?
2, 7
Let o = 19 - 12. Let c(a) = a**2 - 15*a + 12. Let n(j) = -2*j**2 + 29*j - 23. Let t(b) = o*c(b) + 4*n(b). List the prime factors of t(9).
2, 5
Let p(r) = -7*r**3 - 15*r**2 - 7*r - 12. Let z(i) = -3*i**3 - 8*i**2 - 3*i - 6. Let t(s) = -2*p(s) + 5*z(s). List the prime factors of t(-11).
2, 3, 7
Let p(c) = 2*c**3 - 3*c**2 + 2*c + 1. Let w be p(2). Let z(j) = 60 - 31 + j**3 - 26 - 9*j**2. What are the prime factors of z(w)?
3
Suppose -44*y + 9561 = -25243. List the prime factors of y.
7, 113
Let k be 10/8 + (-1)/4. Suppose -3*r = -5 - k. What are the prime factors of -5 + 14 - 1*r?
7
Let h = -859 - -1324. List the prime factors of h.
3, 5, 31
Suppose -5*f - 12 = -0*r + 2*r, 0 = 3*r + 2*f - 4. Suppose 6 = r*n - 2*n. Suppose -33 = -a - 4*u, -n*a + 5*u + 90 = -26. List the prime factors of a.
37
Let o be 1 + (8/(-3))/((-14)/21). Let v = 6 + o. What are the prime factors of v?
11
Let w = 550 + 2655. What are the prime factors of w?
5, 641
Let q(p) = -5*p + 135. Let c be q(23). Let y(i) = -i**2 - 4*i. Let m be y(-3). Let s = c - m. What are the prime factors of s?
17
Let t be (28 + 1)*(11 + 3). Suppose k - t = -6*k. What are the prime factors of k?
2, 29
Let z be (-2)/7 - (-8)/28. Suppose -3*c + 5*n + 41 = z, -2*c - n = -7*c + 39. Suppose c*x = 3*x + 28. List the prime factors of x.
7
What are the prime factors of 386 + (-2 - -2) - -7?
3, 131
Suppose -217*i - 9147 = -220*i. What are the prime factors of i?
3049
Let v = -755 + 1438. What are the prime factors of v?
683
Let j be (-3 - -1)/(-4)*2. Let v(w) be the third derivative of 23*w**4/8 + w**3/3 + 45*w**2. What are the prime factors of v(j)?
71
Suppose -117*x + 114*x = 1707. What are the prime factors of x/(-4) - 15/(-20)?
11, 13
Let z be -2 + -1 - (-5 + -1). Suppose -20 = z*c - 7*c. Suppose 0 = -c*g - 11 + 26. List the prime factors of g.
3
Let v be ((-4 - -3)*0)/(-2). Suppose -4*t - 3*q + 14 = -5*q, v = q + 3. List the prime factors of t + 26 + 4/4.
29
Suppose l + 5 = t + 2, 2*l + 16 = 4*t. Suppose 4*f + 31 = 3*y - f, -t*f - 15 = 5*y. List the prime factors of (-1 + 3 - -36) + y.
2, 5
What are the prime factors of (3 + (-30)/9)/(2/(-26250))?
5, 7
Suppose -18 = -3*z - 6*z. Suppose -h - z*h = 12, i - 5*h = 211. List the prime factors of i.
191
Let q(m) = -3*m**3 - m**2 - 3*m - 2. Suppose 4*b + 10 = 2*d, 0 = 2*b - 2*d + 1 + 5. List the prime factors of q(b).
2, 3
Let a(p) = p**2 + 6*p - 1. Let z be a(-5). Let u = z + 22. What are the prime factors of 6/u - 1130/(-16)?
71
Suppose 3*x - 15 = -6. Suppose -5*l - 5 = 0, -3*i + x*l = -l - 19. Suppose 0*j + 52 = 2*w + j, 2*w = -i*j + 68. List the prime factors of w.
2, 3
Let x be 0 - -1 - (-8 + 8). Let p be 3 - (-1 + (1 - x)). Suppose 8*b = p*b + 128. List the prime factors of b.
2
Let w = -4290 - -6220. What are the prime factors of w?
2, 5, 193
Suppose 17 = 4*b + 93. Let d = 53 - b. Let t = 131 - d. List the prime factors of t.
59
Suppose -888 = -12*u + 10*u. Suppose 51*s - u = 47*s. What are the prime factors of s?
3, 37
Let p(v) = -v + 3. Let m be p(4). Let i = 2 - m. Suppose 0*z - 5*x = -i*z + 69, -78 = -3*z + 2*x. What are the prime factors of z?
2, 7
Let n(j) = -3*j + 6. Let l(c) be the third derivative of -c**5/60 - c**4/4 - c**3 + 2*c**2. Let p be l(-6). What are the prime factors of n(p)?
2, 3
Let s(x) = -x**3 - 2*x**2 - 2*x. Let m be s(-3). Let w = m - -19. What are the prime factors of w?
2, 17
Let b be (-3)/(0 + -3)*5. Suppose -5*l = 4*v + 1 + b, -5*l - 10 = 5*v. Let m(c) = c + 9. What are the prime factors of m(v)?
5
Let p(a) = 4*a - 1. Let j be p(3). Let t = -13 + j. What are the prime factors of (2 - t)*(-140)/(-16)?
5, 7
Let z(c) =